= y - 4*n + 3493. What is the units digit of (25 + y)*(-2)/8?
5
Let m = -186 + 202. What is the hundreds digit of 12*(-2)/m*-422?
6
Let c(j) = -j**3 + 14*j**2 + 12*j + 28. Let d(g) = 12*g**2 - 2*g + 1. Let p be d(1). What is the units digit of c(p)?
3
Let p be -1*((-2)/2 - (-7 + 9)). Let y(c) = 14*c + 4. Let a be y(p). Let t = a + -35. What is the units digit of t?
1
Let w be 0 - (-70)/(-2) - 1. What is the units digit of (590/8)/((-45)/w + -1)?
5
Let p be 15310/15 + (-64)/(-48). Suppose 0 = -6*f - f + p. What is the units digit of f?
6
Suppose 2*z = -4*w + 2, -4 = -4*z + 5*w - 26. Let o(r) = 34*r + 35. Let n(b) = 17*b + 17. Let v(u) = -13*n(u) + 6*o(u). What is the tens digit of v(z)?
4
What is the thousands digit of 2772 - (-8 + 7 - 9)?
2
Let t = 106 - 95. Suppose -t*y + 2322 = -5*y. What is the hundreds digit of y?
3
What is the tens digit of (14 - 2) + 10925 + 15?
5
Suppose 9*g - 14*g = -10. What is the tens digit of (-284)/6*(22/(-4) - g)?
5
Let r = 247 - 250. Let l(t) = 30*t**2 - 2*t - 15. What is the hundreds digit of l(r)?
2
Let g be (33/(-99))/(58/(-30) + 2). What is the tens digit of 20 - ((-15)/g - 2)*-5?
2
Suppose -6 = b + 3*c + 2, -5*b - 3*c = 16. Let v be (-2)/(-4)*(b - -16). Suppose -20 = v*q - 433. What is the tens digit of q?
5
Let q be 5/2 - 19/38. Suppose -19 = -2*i + 3*m, q*i + 5*m + 7 = -14. Suppose 0 = -i*z - 3*z - 2*y + 1406, 3*z + 5*y - 836 = 0. What is the tens digit of z?
8
Suppose -7*r + 4*r + 33 = 4*g, -4*r = -2*g + 22. What is the tens digit of (26 - -1)*138/g?
1
Suppose -2*i + 25*g = 23*g - 37874, 0 = 9*g + 36. What is the thousands digit of i?
8
Let n(g) = 28*g + 22. Let s(d) = -55*d - 46. Let y(f) = -14*n(f) - 6*s(f). Let z(t) = -t - 9. Let c be z(-4). What is the units digit of y(c)?
8
What is the hundreds digit of 1241640/70 + 4/14?
7
Suppose -3*t + 37 = -4*o, -2*o = 2*o + 4. Suppose 1 + t = -2*r. Let d = r + 87. What is the units digit of d?
1
Let w be 9/2*(-20)/(-45). Suppose 0 = 2*z + 2*r - 974, 6*r + 1009 = w*z + r. What is the tens digit of z?
9
Let b(n) = 959*n - 715. What is the thousands digit of b(8)?
6
Suppose -34*k + 36*k + 4*n - 73916 = 0, -k + 3*n + 36918 = 0. What is the tens digit of k?
4
Suppose -27*a - 31*a = 58. What is the thousands digit of (1*a)/((-30)/34140)?
1
Suppose 158*y - 181*y + 609546 = 0. What is the thousands digit of y?
6
Suppose -2*k + 3*n = -25001, 5*n - 68442 = -5*k - 6002. What is the hundreds digit of k?
4
Suppose 0*q = 9*q + 18. Suppose 3*z = 5*a - 16, 3*z - 3*a + 3 = -z. What is the units digit of (1092/(-9))/(q/z)?
2
Let l(r) = -r**2 - 19*r + 49. Let b(v) be the third derivative of v**4/8 + 11*v**3/2 - 40*v**2. Let d be b(-16). What is the tens digit of l(d)?
0
Let u(o) = o**3 - 5*o**2 - 11*o - 9. Let d be u(8). Let q be (-7)/(-3) - 2 - d/15. Let p(c) = -c**3 - 6*c**2 - 7*c - 7. What is the tens digit of p(q)?
3
Let r(w) = 2*w**2 + 25*w + 34. Let k be r(-15). Let j = 57 - k. Let q = 172 + j. What is the units digit of q?
0
Let p(l) = 9*l - 37*l**2 + l + 36*l**2 - 3. Let z(b) = b + 4. Let n be z(3). What is the units digit of p(n)?
8
Let u(x) = 10*x**3 - x**2 + 5*x + 3. Let p be u(4). Let a = p + -348. What is the tens digit of a?
9
Let g = -8037 + 12416. What is the hundreds digit of g?
3
Let a = 20912 - 12326. What is the hundreds digit of a?
5
Let b be -2 + (-77 - 0) + 3. Let y = 63 - b. Suppose -l + y = 5*g, 0 = 2*g + l - 4*l - 42. What is the units digit of g?
7
Suppose 12878 = 10*c - 22402. Let i = c + -2169. What is the thousands digit of i?
1
Let q(z) = z**3 + 8*z**2 - 4*z - 9. Let i be q(-4). Let d = 164 - i. Suppose -2*h - 2*p + d = -h, 3*p = -2*h + 184. What is the tens digit of h?
8
Let s be (-300 - (0 + -7))/(-1). Let h = 61 + s. What is the units digit of h?
4
Suppose 115 = -19*y + 38*y - 170. Let a be ((-2)/4)/(3/(-108)). Suppose y*l = a*l - 192. What is the tens digit of l?
6
Let a(t) = t + 162. Let d be a(0). Let z be 15*(1 - -4) - -1. Let u = d - z. What is the units digit of u?
6
Let q(y) = -903*y + 492. What is the units digit of q(-13)?
1
Let x be -2 + 8 - -398 - (-2)/(-1). What is the units digit of (-14)/7 + (x - -2)?
2
Suppose 25*a - 8 = 21*a. Suppose 308 - 1926 = -a*s. What is the hundreds digit of s?
8
Suppose 0 = -76*p + 74*p - 2474. Let w = 1814 + p. What is the units digit of w?
7
Suppose -8 = p - 3*p. What is the tens digit of 409 - 11/((-11)/p)?
1
Suppose -2*r - 5*y + 3302 = -33776, -37106 = -2*r + 2*y. What is the thousands digit of r?
8
Let q be 37 + 4/1 + -1. Let t = 38 - q. What is the units digit of (4 + t)*(-63)/(-6)?
1
Suppose 4*a - 40 = 2*l, -12*a + 4*l + 30 = -9*a. What is the tens digit of (-5)/a*15*(-208)/3?
2
Let n(u) = u + 6. Let o(a) = a - 27. Let r be o(21). Let z be n(r). Suppose q = 5*l - z*q - 314, -2*l - 2*q + 128 = 0. What is the units digit of l?
3
Let i(s) = s**2 - 119*s + 355. What is the hundreds digit of i(-39)?
5
Let t = -187 - -1758. Suppose 3*v - 5*m = t, v + 190 = -2*m + 710. What is the tens digit of v?
2
Let i(r) = -r**2 + 6*r + 60. Let g be i(11). Suppose 2*c + 3*n - 1508 = -426, 0 = g*n - 20. What is the hundreds digit of c?
5
Let l = -160 + 345. Suppose 15*a = 14*a + l. What is the hundreds digit of a?
1
Let g(n) = -24*n**2 + n + 4. Let x be (-6 + 4 + 0)*-1. Let a be g(x). Let t = -35 - a. What is the tens digit of t?
5
Suppose -7400 = f - 19592. What is the ten thousands digit of f?
1
Let r(i) = i**2 - 20*i - 22. Let o be r(17). Let c = o - -63. Let l = c + 55. What is the tens digit of l?
4
Suppose 3*j - 15*n + 14*n - 13983 = 0, -5*j + 23305 = -2*n. What is the tens digit of j?
6
Let t(h) = -93*h + 165. Let f be t(-10). Let x = -405 + f. What is the hundreds digit of x?
6
Suppose -4*s - r = -156951, 5*s + 10*r - 8*r = 196185. What is the thousands digit of s?
9
Suppose 5*a = 5665 + 2125. Suppose 2*h + a = 2*n, 2*n - 1042 = h + 519. What is the units digit of n?
2
Let j be (21120/2)/(-6) + 1*4. Let h = -921 - j. What is the units digit of h?
5
Suppose 2*y = 6*y - 3*d - 50687, -2*y + 25321 = 3*d. What is the hundreds digit of y?
6
Let s = -548 - -1734. What is the hundreds digit of s?
1
Let k = 18486 + -12786. What is the thousands digit of k?
5
Let l be 14/35 + 948/5. Let x = l - 72. What is the units digit of x?
8
Suppose m = -4*w + 7, 3*m - 3 = w - 21. Suppose -9*i + 10*i - w*z = 828, -z = 5. What is the tens digit of i?
1
Suppose -4*m + 2*o + 0*o + 6 = 0, 3*o - 3 = 2*m. Suppose -6 = v + 2*v, -m*v + 16 = 2*x. What is the units digit of (2/(-4))/(x/(-132))?
6
Suppose -5*m - 35 = -5*g, 5*m - 31 = 4*g - 5*g. Suppose 2*v + f - g = -0*f, 3*f = 5*v - 33. What is the units digit of 8/(-6) - (-278)/v?
5
Let z = 108 - 22. Let a(u) = u**2 - u + 183. Let l be a(0). Let o = l - z. What is the units digit of o?
7
Let f(x) = -16*x**3 + 6*x**2 + 0*x - 8*x**2 - 2*x - 38*x**3. Let i be f(-1). Let j = 266 - i. What is the units digit of j?
2
Let r(y) = 3*y**3 - y**2 + 5*y - 4. Let x be r(3). Let s = 83 - x. Let h(f) = -3*f + 119. What is the tens digit of h(s)?
1
Let g(c) = c**3 + 11*c**2 + c + 27. Let v be g(-11). Suppose v*y + 0*y = 12224. Suppose y + 226 = 6*k. What is the units digit of k?
5
Let z(c) = -9*c**2 - 215*c - 55. What is the tens digit of z(-21)?
9
Let h(m) = -2*m**2 - 8*m + 28. Suppose -6*z - 53 = -11. Let w be h(z). What is the hundreds digit of 104 + (w/(-4) - 4)*0?
1
Let v be ((-2)/(-4))/(7/4382). Let l = -170 + v. Let c = l + -62. What is the units digit of c?
1
Suppose -3*s + 3*u = -2526, -2*s + 1663 = -0*s + 5*u. Suppose -s - 1285 = -4*l. What is the units digit of l?
1
Let c be -12*5/(-20)*5. Let f(j) = -4 - 6*j + c*j - 7*j + 3*j**2 - j**3. What is the tens digit of f(-3)?
4
Let p(n) = 31*n**3 - 32*n**3 + 10*n**2 - 3*n + n + 13 - 7*n + 0*n. Suppose 4*g - 4*o - 36 = 0, g - 2*o = 3*g + 2. What is the units digit of p(g)?
3
Suppose 16 = -b - 109. Let o(d) = 4*d - 226. Let f be o(0). Let q = b - f. What is the units digit of q?
1
Let n(l) = -2*l + 30. Let a be n(-21). Let q = 96 - a. Suppose 5*z = -r + 31, 4*z = 4*r - 124 + q. What is the tens digit of r?
2
Let w be ((-6)/3 - 52)*22/(-6). Let s = w + -40. Let f = s + -12. What is the units digit of f?
6
Let u = -29 + 38. Suppose 3793 = u*h - 5747. Suppose -7*w + h = -340. What is the hundreds digit of w?
2
What is the thousands digit of (-10833588)/